 15.
6a35
-503 (base 9) to base 6
-1520
1122 (base 6) to base 10
266
61413 (base 7) to base 16
3a6b
Convert -1667 (base 12) to base 7.
-10534
-94 (base 11) to base 16
-67
Convert -12120012 (base 3) to base 5.
-112210
8aa (base 11) to base 5
13323
Convert 1827 (base 11) to base 14.
bc4
11100200 (base 3) to base 9
4320
3212 (base 6) to base 9
888
What is -3c0 (base 15) in base 8?
-1527
What is 264254 (base 7) in base 6?
1021145
38844 (base 10) to base 6
455500
What is 15021 (base 10) in base 5?
440041
Convert -1302213 (base 4) to base 6.
-53543
What is 767 (base 11) in base 14?
49a
What is 7409 (base 11) in base 3?
111110100
-8194 (base 11) to base 15
-334c
What is -3130 (base 4) in base 10?
-220
Convert 9a54 (base 13) to base 14.
7bc0
Convert 785 (base 9) to base 8.
1204
What is 874 (base 12) in base 10?
1240
-c2d (base 15) to base 7
-10666
What is 41225 (base 8) in base 10?
17045
Convert -45b7 (base 15) to base 14.
-556d
What is -f9 (base 16) in base 8?
-371
What is 3960 (base 11) in base 12?
2b90
1133241 (base 6) to base 3
10000000121
What is 7ca (base 15) in base 8?
3345
Convert 38780 (base 11) to base 14.
1632a
What is -1997 (base 11) in base 4?
-213132
Convert 557 (base 12) to base 8.
1423
199 (base 11) to base 6
1021
What is -4420 (base 12) in base 9?
-11266
-12404 (base 5) to base 3
-1100021
30e (base 15) to base 5
10224
What is -848 (base 15) in base 8?
-3514
Convert 4715 (base 8) to base 5.
40014
Convert 1548c (base 13) to base 6.
510430
-26053 (base 7) to base 2
-1101011110010
Convert -30a5 (base 11) to base 15.
-133d
What is 1806 (base 11) in base 10?
2305
326 (base 7) to base 9
205
1b3d (base 15) to base 10
5908
Convert -233000 (base 4) to base 15.
-d58
What is -166a6 (base 13) in base 10?
-42893
What is -21783 (base 10) in base 4?
-11110113
What is -30090 (base 11) in base 3?
-2020101110
Convert 611 (base 12) to base 7.
2362
7a73 (base 13) to base 14
637d
What is -2662 (base 8) in base 12?
-a16
Convert -4051 (base 7) to base 11.
-1070
Convert -ab1 (base 14) to base 9.
-2810
Convert -33451 (base 6) to base 8.
-11147
What is 17106 (base 8) in base 12?
459a
11303200 (base 4) to base 10
23776
Convert cb (base 16) to base 4.
3023
Convert 2d0b (base 15) to base 14.
375c
0 (base 10) to base 11
0
Convert 3540 (base 16) to base 15.
408c
-24515 (base 6) to base 14
-1487
Convert -101121100 (base 3) to base 12.
-4583
What is 2660 (base 8) in base 3?
1222221
What is 10011100001 (base 2) in base 16?
4e1
Convert -c1cb (base 15) to base 3.
-2002010102
-11201 (base 7) to base 12
-178b
What is -a748 (base 11) in base 4?
-3132001
What is 211221 (base 3) in base 15?
2b4
-22012 (base 4) to base 3
-212221
What is 1522 (base 7) in base 13?
376
What is 3441 (base 5) in base 7?
1306
Convert 16035 (base 10) to base 2.
11111010100011
Convert -101111100 (base 2) to base 8.
-574
115602 (base 7) to base 14
7a39
What is 4619 (base 12) in base 7?
31506
-3365 (base 16) to base 6
-140525
-2d52 (base 14) to base 16
-1fac
Convert 13a1 (base 11) to base 10.
1805
Convert -56 (base 15) to base 3.
-10000
What is -1651 (base 8) in base 16?
-3a9
What is 1501 (base 9) in base 2?
10001101111
-2b05 (base 15) to base 14
-3514
What is -521 (base 10) in base 9?
-638
Convert -26432 (base 7) to base 8.
-15647
829e (base 15) to base 4
12233033
107c8 (base 13) to base 3
1112000201
Convert 3a009 (base 11) to base 13.
20093
Convert 4574 (base 8) to base 15.
abd
Convert 12113 (base 4) to base 15.
1c2
What is -12103 (base 4) in base 12?
-297
Convert -334 (base 13) to base 10.
-550
-140512 (base 8) to base 4
-30011022
Convert -14885 (base 12) to base 11.
-1a794
What is 17167 (base 9) in base 10?
11806
What is 181 (base 10) in base 14?
cd
42144 (base 5) to base 15
c69
Convert -1564 (base 9) to base 4.
-102220
What is -11d6 (base 15) in base 11?
-2946
2113301 (base 4) to base 9
14282
What is 23607 (base 8) in base 11?
766a
Convert -403 (base 10) to base 7.
-1114
Convert -1011100001000010 (base 2) to base 9.
-71631
What is 2972 (base 11) in base 15?
1205
What is 2011201 (base 3) in base 14?
813
What is 1012111 (base 3) in base 5?
12002
What is 62241 (base 7) in base 3?
202212200
Convert -1111100000100 (base 2) to base 13.
-37ca
Convert -12451 (base 6) to base 15.
-86d
What is -11130133 (base 4) in base 6?
-251131
Convert 143324 (base 6) to base 12.
7b44
-211 (base 15) to base 6
-2054
Convert -206 (base 12) to base 8.
-446
What is -24501 (base 7) in base 8?
-14424
What is 10000010010 (base 2) in base 10?
1042
What is -264 (base 11) in base 2?
-100111000
Convert -407 (base 9) to base 10.
-331
What is 12972 (base 12) in base 15?
789e
What is -6152 (base 7) in base 12?
-12a8
What is -20233 (base 4) in base 14?
-2bd
Convert 2db (base 14) to base 7.
1464
Convert -793 (base 13) to base 11.
-a85
What is -1441 (base 5) in base 16?
-f6
1162 (base 7) to base 5
3221
What is -100200 (base 3) in base 10?
-261
7b2 (base 14) to base 6
11024
7162 (base 11) to base 12
5602
13340 (base 11) to base 2
100101001100001
Convert -2131 (base 9) to base 12.
-aa7
1 (base 15) to base 10
1
What is 31470 (base 8) in base 13?
5c78
Convert 260 (base 13) to base 2.
110100000
Convert -12104 (base 6) to base 9.
-2374
What is 12fb (base 16) in base 9?
6588
Convert -2003342 (base 5) to base 10.
-31722
What is -72 (base 14) in base 2?
-1100100
What is -1300 (base 7) in base 11?
-406
111001000000001 (base 2) to base 6
343041
-3319 (base 11) to base 6
-32132
54023 (base 6) to base 13
3471
Convert -1000101011110000 (base 2) to base 11.
-247a5
d3aa (base 14) to base 15
abc5
144010 (base 5) to base 15
1c3a
-109e9 (base 16) to base 10
-68073
What is -8130 (base 9) in base 2?
-1011100110100
Convert -111011000101 (base 2) to base 8.
-7305
Convert -594 (base 11) to base 10.
-708
What is 1640 (base 7) in base 6?
3025
Convert -6427 (base 8) to base 2.
-110100010111
29aa (base 14) to base 2
1110011101010
817 (base 13) to base 9
1784
-bd15 (base 16) to base 12
-24019
Convert -49 (base 16) to base 4.
-1021
Convert -13121 (base 5) to base 14.
-540
What is 3074 (base 9) in base 16?
8ce
-3504 (base 6) to base 15
-3a7
ab5 (base 13) to base 5
24323
Convert 14536 (base 12) to base 11.
1a388
What is 337 (base 13) in base 2?
1000101001
What is -21136 (base 8) in base 11?
-6679
1142 (base 8) to base 12
42a
Convert -36e (base 15) to base 2.
-1100001011
5733 (base 11) to base 7
30656
-1ca (base 15) to base 8
-637
What is 21bc (base 15) in base 11?
5412
What is 3022034 (base 5) in base 14?
138ca
Convert 1001011000 (base 2) to base 14.
30c
-5631 (base 11) to base 16
-1cf7
Convert 183 (base 11) to base 12.
158
What is 212 (base 10) in base 15?
e2
Convert 2253 (base 8) to base 15.
54a
11210100 (base 3) to base 4
312210
Convert 190 (base 15) to base 4.
11220
What is 1002020110 (base 3) in base 13?
9918
374 (base 12) to base 15
24a
What is 212012120 (base 3) in base 10?
16917
-131444 (base 5) to base 15
-184e
What is 3851 (base 16) in base 7?
60014
What is -142113 (base 7) in base 3?
-1101020210
1011010101 (base 2) to base 10
725
Convert -668 (base 16) to base 11.
-1261
-2840 (base 15) to base 13
-3bc4
3ed (base 16) to base 8
1755
744 (base 8) to base 3
122221
Convert 5009 (base 13) to base 11.
8295
-406 (base 10) to base 8
-626
What is -923 (base 12) in base 10?
-1323
What is 3602 (base 8) in base 15?
882
Convert 100010111001110 (base 2) to base 15.
5465
47043 (base 8) to base 6
232335
Convert -385 (base 14) to base 8.
-1301
What is ba8 (base 16) in base 6?
21452
What is 102265 (base 7) in base 15?
535d
7010 (base 9) to base 8
11770
-43230 (base 5) to base 7
-11400
Convert -10343 (base 6) to base 8.
-2627
1402 (base 9) to base 13
632
1777 (base 9) to base 10
1366
212322 (base 4) to base 14
c9c
-117 (base 11) to base 12
-b7
Convert -446 (base 8) to base 11.
-248
What is 1111111001111 (base 2) in base 14?
2d79
Convert 30077 (base 9) to base 3.
1000002121
What is 201212 (base 3) in base 7?
1364
Convert 11033230 (base 4) to base 2.
101001111101100
What is -fe (base 16) in base 15?
-11e
Convert -44150 (base 6) to base 12.
-3656
Convert -454 (base 6) to base 10.
-178
11223021 (base 4) to base 9
34783
Convert 5658 (base 15) to base 4.
10132010
What is b3 (base 14) in base 16?
9d
What is 9340 (base 10) in base 13?
4336
Convert -757 (base 10) to base 2.
-1011110